{"text_format":"1","workbook":"xlsx","n_sheets":10,"sheets":["Dashboard","Budget","Edit Vineyard","Edit Block","Add Block","Lists","Crop Co-efficient","Monthly rain","Monthly Et Short crop","Main Menu"],"not_rendered":{"charts":1,"images":2,"macros":1,"external_links":0,"defined_names":5,"comments":5,"pivot_tables":0},"unopened":[],"bounds":{"document_bytes":16777216,"sheet_cells":100000,"rows_first":2000,"rows_last":500,"rows_between":2000,"halvings":0,"cell_chars":16384,"cell_head_chars":4096},"cells_cut":0,"cells_raw":0,"read":"whole","date_system":"1900"}

{"sheet":"Dashboard","index":0,"n_rows":20,"n_cols":26,"rows_kept":20,"cut":false,"hidden":false,"merged":[[8,9,8,10],[9,9,9,10],[6,9,6,10],[6,11,6,12],[20,1,20,2],[16,1,16,2],[12,1,12,2],[12,3,12,4],[13,3,13,4],[14,3,14,4],[2,14,3,18],[2,1,5,5],[7,1,8,1],[13,1,13,2],[14,1,14,2],[11,17,14,17],[11,18,14,18],[9,11,9,12],[7,11,7,12],[8,11,8,12],[10,1,10,2],[2,7,4,12],[7,5,9,5],[7,6,9,6],[7,7,9,7],[7,9,7,10]]}
[null,null,null,null,null,null,null,null,null,null,null,null,null,null,null,null,null,null,null,null,null,null,null,null,null,3]
[null,null,null,null,null,null,null,null,null,null,null,null,null,null,null,null,null,null,null,null,null,null,null,null,null,3]
[null,null,null,null,null,null,null,"Vineyard Irrigation Budgeting Tool",null,null,null,null,null,null,"Operations"]
[]
[]
[]
[null,null,null,null,null,"Allocated","Unallocated",null,null,"Season:",null,{"$f":"Budget!C4","v":"2020-21"}]
[null,"Display Units:","mm",null,null,{"$f":"Budget!$H$25","v":10.74714182378808},{"$f":"Budget!$H$26","v":49.252858176211916},null,null,"Property Name:",null,{"$f":"Budget!C5","v":"AWRI Vineyard"}]
[null,null,"ML/ha",null,null,null,null,null,null,"Location:",null,{"$f":"Budget!C6","v":"Riverland"}]
[]
[null,"Disclaimer / Copyright"]
[null,null,null,null,null,"Jul","Aug","Sep","Oct","Nov","Dec","Jan","Feb","Mar","Apr","May","Jun"]
[null,null,null,"LTA Rainfall (mm):",null,{"$f":"Budget!I14","v":24.148387096774229},{"$f":"Budget!J14","v":23.661290322580655},{"$f":"Budget!K14","v":28.41612903225808},{"$f":"Budget!L14","v":21.712903225806446},{"$f":"Budget!M14","v":23.538709677419323},{"$f":"Budget!N14","v":23.887096774193548},{"$f":"Budget!O14","v":19.340624999999999},{"$f":"Budget!P14","v":19.471731843575427},{"$f":"Budget!Q14","v":12.177419354838703},{"$f":"Budget!R14","v":17.964516129032255},{"$f":"Budget!S14","v":21.716129032258063},{"$f":"Budget!T14","v":24.16451612903229}]
[null,null,null,"Expected Rainfall (mm):",null,35,33,9,77,44,55,66,4,22,null,null,99]
[null,null,null,"Actual Rainfall (mm):",null,20,17,2,55,6,9,68,65,7,33,7,7]
[null,null,null,null,null,null,null,null,null,null,null,null,null,null,null,null,null,"Annual"]
[null,"Block Name",null,"Area (Ha)","Target Yield","Jul","Aug","Sep","Oct","Nov","Dec","Jan","Feb","Mar","Apr","May","Jun","Allocation"]
[null,{"$f":"Budget!$B$20","v":"SHI RWT"},null,{"$f":"Budget!$F$20","v":3},{"$f":"Budget!$G$20","v":1},{"$f":"Budget!$I$20","v":0},{"$f":"Budget!$J$20","v":0},{"$f":"Budget!$K$20","v":0},{"$f":"Budget!$L$20","v":0},{"$f":"Budget!$M$20","v":0.14093044354838627},{"$f":"Budget!$N$20","v":1.9101215322580656},{"$f":"Budget!$O$20","v":0.57764648437500254},{"$f":"Budget!$P$20","v":0.27975499441340951},{"$f":"Budget!$Q$20","v":1.438644798387096},{"$f":"Budget!$R$20","v":0},{"$f":"Budget!$S$20","v":0},{"$f":"Budget!$T$20","v":0},{"$f":"Budget!$H$20","v":4.3470982529819597}]
[null,{"$f":"Budget!$B$21","v":"SHI Bin28"},null,{"$f":"Budget!$F$21","v":1},{"$f":"Budget!$G$21","v":1},{"$f":"Budget!$I$21","v":0},{"$f":"Budget!$J$21","v":0},{"$f":"Budget!$K$21","v":0},{"$f":"Budget!$L$21","v":0},{"$f":"Budget!$M$21","v":0.2351195564516125},{"$f":"Budget!$N$21","v":1.1099286290322585},{"$f":"Budget!$O$21","v":0.68924804687500152},{"$f":"Budget!$P$21","v":0.48341840782122991},{"$f":"Budget!$Q$21","v":0.81637217741935453},{"$f":"Budget!$R$21","v":0.10028528225806482},{"$f":"Budget!$S$21","v":6.5900483870967752E-2},{"$f":"Budget!$T$21","v":0},{"$f":"Budget!$H$21","v":3.5002725837284898}]
[null,{"$f":"Budget!$B$22","v":"SHI Red Label"},null,{"$f":"Budget!$F$22","v":1.3},{"$f":"Budget!$G$22","v":0.9},{"$f":"Budget!$I$22","v":0},{"$f":"Budget!$J$22","v":0},{"$f":"Budget!$K$22","v":0},{"$f":"Budget!$L$22","v":0},{"$f":"Budget!$M$22","v":0},{"$f":"Budget!$N$22","v":1.0385876129032261},{"$f":"Budget!$O$22","v":0.57316796875000164},{"$f":"Budget!$P$22","v":0.36544264413407918},{"$f":"Budget!$Q$22","v":0.83423956451612891},{"$f":"Budget!$R$22","v":3.4584193548387432E-2},{"$f":"Budget!$S$22","v":5.3749003225806481E-2},{"$f":"Budget!$T$22","v":0},{"$f":"Budget!$H$22","v":2.8997709870776296}]

{"sheet":"Budget","index":1,"n_rows":28,"n_cols":49,"rows_kept":28,"cut":false,"hidden":true,"merged":[[10,10,10,11],[18,8,18,19],[3,10,3,11],[4,10,4,11],[6,10,6,11],[7,18,7,19],[8,18,8,19],[8,10,8,11],[5,18,5,19],[6,18,6,19],[9,10,9,11],[3,18,3,19],[5,10,5,11],[10,18,10,19],[3,2,3,3],[6,2,6,3],[7,2,7,3],[8,2,8,3],[4,2,4,3],[5,2,5,3]]}
[]
[null,"Vineyard Irrigation Budgeting Tool"]
[]
[null,"Season:","2020-21",null,null,null,null,null,null,"Water available at start of season (ML):",50,null,null,null,null,null,null,"Irrigation application efficiency:",0.8]
[null,"Property Name:","AWRI Vineyard",null,null,null,null,null,null,"Additional water purchases or dam inflows (ML):",10]
[null,"Geographical Indication:","Riverland",null,null,null,null,null,null,"Total water available (ML):",{"$f":"K4+K5","v":60},null,null,null,null,null,null,"Soil Type:","Loamy sand"]
[null,"Station Name:",{"$f":"VLOOKUP(C6,Lists!A24:E92,2,FALSE)","v":"LOXTON RESEARCH CENTRE"},null,null,null,null,null,null,"Normal irrigation use (ML):",75,null,null,null,null,null,null,"Rooting Depth (m):",1.21]
[null,"Latitude:",{"$f":"VLOOKUP(C6,Lists!A24:E92,3,FALSE)","v":-34.439},null,null,null,null,null,null,null,null,null,null,null,null,null,null,"Soil water holding capacity (RAW) (mm):",{"$f":"(VLOOKUP(S6,Lists!A110:B116,2,FALSE)*S7)","v":66.55}]
[null,"Longitude",{"$f":"VLOOKUP(C6,Lists!A24:E92,4,FALSE)","v":140.59780000000001},null,null,null,null,null,null,"Effective rainfall from budburst (mm):",{"$f":"(IF(K16>0.00001,K16,K15)+IF(L16>0.00001,L16,L15)+IF(L16>0.00001,L16,L15)+IF(M16>0.00001,M16,M15)+IF(N16>0.00001,N16,N15)+IF(O16>0.00001,O16,O15)+IF(P16>0.00001,P16,P15)+IF(Q16>0.00001,Q16,Q15)+IF(R16>0.00001,R16,R15)+IF(S16>0.00001,S16,S15)+IF(T16>0.00001,T16,T15))*0.65","v":204.1},null,null,null,null,null,null,"Water stored in soil at budburst (mm):",40]
[null,null,null,null,null,null,null,null,null,"Percent of rainfall that is effective:",{"$f":"IF(VLOOKUP($C$6,Lists!$A$24:$F$92,6)=\"Full\",0.65,0.85)","v":0.65}]
[null,null,null,null,null,null,null,null,null,"Budburst:","September",null,null,null,null,null,null,"mm or ML/ha:","ML/ha"]
[]
[null,null,null,null,null,null,null,null,"Jul","Aug","Sep","Oct","Nov","Dec","Jan","Feb","Mar","Apr","May","Jun"]
[null,null,null,null,null,null,null,"Long Term Avg Rainfall (mm):",{"$f":"VLOOKUP(C6,'Monthly rain'!A:M,2,FALSE)","v":24.148387096774229},{"$f":"VLOOKUP(C6,'Monthly rain'!A:M,3,FALSE)","v":23.661290322580655},{"$f":"VLOOKUP(C6,'Monthly rain'!A:M,4,FALSE)","v":28.41612903225808},{"$f":"VLOOKUP(C6,'Monthly rain'!A:M,5,FALSE)","v":21.712903225806446},{"$f":"VLOOKUP(C6,'Monthly rain'!A:M,6,FALSE)","v":23.538709677419323},{"$f":"VLOOKUP(C6,'Monthly rain'!A:M,7,FALSE)","v":23.887096774193548},{"$f":"VLOOKUP(C6,'Monthly rain'!A:M,8,FALSE)","v":19.340624999999999},{"$f":"VLOOKUP(C6,'Monthly rain'!A:M,9,FALSE)","v":19.471731843575427},{"$f":"VLOOKUP(C6,'Monthly rain'!A:M,10,FALSE)","v":12.177419354838703},{"$f":"VLOOKUP(C6,'Monthly rain'!A:M,11,FALSE)","v":17.964516129032255},{"$f":"VLOOKUP(C6,'Monthly rain'!A:M,12,FALSE)","v":21.716129032258063},{"$f":"VLOOKUP(C6,'Monthly rain'!A:M,13,FALSE)","v":24.16451612903229}]
[null,null,null,null,null,null,null,"Expected Rainfall (mm):",35,33,9,77,44,55,66,4,22,null,null,99]
[null,null,null,null,null,null,null,"Actual Rainfall (mm):",20,17,2,55,6,9,68,65,7,33,7,7]
[null,null,null,null,null,null,null,"Long Term Avg Evapotranspiration (mm):",{"$f":"VLOOKUP(C6,'Monthly Et Short crop'!A:M,2,FALSE)","v":45.08709677419359},{"$f":"VLOOKUP(C6,'Monthly Et Short crop'!A:M,3,FALSE)","v":65.67096774193547},{"$f":"VLOOKUP(C6,'Monthly Et Short crop'!A:M,4,FALSE)","v":95.858064516129019},{"$f":"VLOOKUP(C6,'Monthly Et Short crop'!A:M,5,FALSE)","v":140.79032258064515},{"$f":"VLOOKUP(C6,'Monthly Et Short crop'!A:M,6,FALSE)","v":165.95161290322574},{"$f":"VLOOKUP(C6,'Monthly Et Short crop'!A:M,7,FALSE)","v":193.15161290322592},{"$f":"VLOOKUP(C6,'Monthly Et Short crop'!A:M,8,FALSE)","v":202.73437500000028},{"$f":"VLOOKUP(C6,'Monthly Et Short crop'!A:M,9,FALSE)","v":165.14994413407837},{"$f":"VLOOKUP(C6,'Monthly Et Short crop'!A:M,10,FALSE)","v":142.57096774193545},{"$f":"VLOOKUP(C6,'Monthly Et Short crop'!A:M,11,FALSE)","v":93.564516129032341},{"$f":"VLOOKUP(C6,'Monthly Et Short crop'!A:M,12,FALSE)","v":58.464516129032269},{"$f":"VLOOKUP(C6,'Monthly Et Short crop'!A:M,13,FALSE)","v":39.806451612903281},null,null,null,null,null,null,"ET Vine",null,null,null,null,null,null,null,null,null,null,null,null,"Soil moisture budget"]
[null,null,null,null,null,null,null,null,null,null,null,null,null,null,null,null,null,null,null,null,null,null,null,"Jul","Aug","Sep","Oct","Nov","Dec","Jan","Feb","Mar","Apr","May","Jun",null,null,"Jul","Aug","Sep","Oct","Nov","Dec","Jan","Feb","Mar","Apr","May","Jun"]
[null,"Block Name","Variety Class","Maximum soil RAW","Full / Supplementary ","Area (Ha)","Target Yield","Annual Requirement (ML)"]
[null,"SHI RWT","Red",33,"Supplementary",3,1,{"$f":"IF($S$11=\"mm\",(SUM(I20:T20)*F20/100),(SUM(I20:T20)))","v":4.3470982529819597},{"$f":"(IF($S$11=\"mm\",IF(AL20<0,0,AL20),(IF(AL20<0,0,AL20))*$F20/100))/$S$4","v":0},0,0,0,0.14093044354838627,1.9101215322580656,0.57764648437500254,0.27975499441340951,1.438644798387096,0,0,0,null,null,null,{"$f":"(IF($C20=\"Red\",0.7,1))*(IF($E20=\"Full\",(I$17*'Crop Co-efficient'!B$2*(VLOOKUP($G20,Lists!$A$8:$B$12,2,FALSE))),(I$17*'Crop Co-efficient'!B$3*(VLOOKUP($G20,Lists!$A$8:$B$12,2,FALSE)))))","v":1.5780483870967756},{"$f":"(IF($C20=\"Red\",0.7,1))*(IF($E20=\"Full\",(J$17*'Crop Co-efficient'!C$2*(VLOOKUP($G20,Lists!$A$8:$B$12,2,FALSE))),(J$17*'Crop Co-efficient'!C$3*(VLOOKUP($G20,Lists!$A$8:$B$12,2,FALSE)))))","v":2.2984838709677415},{"$f":"(IF($C20=\"Red\",0.7,1))*(IF($E20=\"Full\",(K$17*'Crop Co-efficient'!D$2*(VLOOKUP($G20,Lists!$A$8:$B$12,2,FALSE))),(K$17*'Crop Co-efficient'!D$3*(VLOOKUP($G20,Lists!$A$8:$B$12,2,FALSE)))))","v":3.3550322580645155},{"$f":"(IF($C20=\"Red\",0.7,1))*(IF($E20=\"Full\",(L$17*'Crop Co-efficient'!E$2*(VLOOKUP($G20,Lists!$A$8:$B$12,2,FALSE))),(L$17*'Crop Co-efficient'!E$3*(VLOOKUP($G20,Lists!$A$8:$B$12,2,FALSE)))))","v":27.594903225806451},{"$f":"(IF($C20=\"Red\",0.7,1))*(IF($E20=\"Full\",(M$17*'Crop Co-efficient'!F$2*(VLOOKUP($G20,Lists!$A$8:$B$12,2,FALSE))),(M$17*'Crop Co-efficient'!F$3*(VLOOKUP($G20,Lists!$A$8:$B$12,2,FALSE)))))","v":40.6581451612903},{"$f":"(IF($C20=\"Red\",0.7,1))*(IF($E20=\"Full\",(N$17*'Crop Co-efficient'!G$2*(VLOOKUP($G20,Lists!$A$8:$B$12,2,FALSE))),(N$17*'Crop Co-efficient'!G$3*(VLOOKUP($G20,Lists!$A$8:$B$12,2,FALSE)))))","v":56.786574193548418},{"$f":"(IF($C20=\"Red\",0.7,1))*(IF($E20=\"Full\",(O$17*'Crop Co-efficient'!H$2*(VLOOKUP($G20,Lists!$A$8:$B$12,2,FALSE))),(O$17*'Crop Co-efficient'!H$3*(VLOOKUP($G20,Lists!$A$8:$B$12,2,FALSE)))))","v":59.603906250000072},{"$f":"(IF($C20=\"Red\",0.7,1))*(IF($E20=\"Full\",(P$17*'Crop Co-efficient'!I$2*(VLOOKUP($G20,Lists!$A$8:$B$12,2,FALSE))),(P$17*'Crop Co-efficient'!I$3*(VLOOKUP($G20,Lists!$A$8:$B$12,2,FALSE)))))","v":49.710133184357588},{"$f":"(IF($C20=\"Red\",0.7,1))*(IF($E20=\"Full\",(Q$17*'Crop Co-efficient'!J$2*(VLOOKUP($G20,Lists!$A$8:$B$12,2,FALSE))),(Q$17*'Crop Co-efficient'!J$3*(VLOOKUP($G20,Lists!$A$8:$B$12,2,FALSE)))))","v":42.913861290322565},{"$f":"(IF($C20=\"Red\",0.7,1))*(IF($E20=\"Full\",(R$17*'Crop Co-efficient'!K$2*(VLOOKUP($G20,Lists!$A$8:$B$12,2,FALSE))),(R$17*'Crop Co-efficient'!K$3*(VLOOKUP($G20,Lists!$A$8:$B$12,2,FALSE)))))","v":9.8242741935483959},{"$f":"(IF($C20=\"Red\",0.7,1))*(IF($E20=\"Full\",(S$17*'Crop Co-efficient'!L$2*(VLOOKUP($G20,Lists!$A$8:$B$12,2,FALSE))),(S$17*'Crop Co-efficient'!L$3*(VLOOKUP($G20,Lists!$A$8:$B$12,2,FALSE)))))","v":9.82203870967742},{"$f":"(IF($C20=\"Red\",0.7,1))*(IF($E20=\"Full\",(T$17*'Crop Co-efficient'!M$2*(VLOOKUP($G20,Lists!$A$8:$B$12,2,FALSE))),(T$17*'Crop Co-efficient'!M$3*(VLOOKUP($G20,Lists!$A$8:$B$12,2,FALSE)))))","v":1.3932258064516148},null,null,{"$f":"IF(X20-(IF(I$16=\"\",I$15,I$16)*$K$10)+(IF(AK20<0,AK20,0))<-$D20,-$D20,X20-(IF(I$16=\"\",I$15,I$16)*$K$10)+(IF(AK20<0,AK20,0)))","v":-11.421951612903225},{"$f":"IF(Y20-(IF(J$16=\"\",J$15,J$16)*$K$10)+(IF(AL20<0,AL20,0)-(IF(K$11=\"August\",S$9,0)))<-$D20,-$D20,Y20-(IF(J$16=\"\",J$15,J$16)*$K$10)+(IF(AL20<0,AL20,0))-(IF(K$11=\"August\",S$9,0)))","v":-20.173467741935482},{"$f":"IF(Z20-(IF(K$16=\"\",K$15,K$16)*$K$10)+(IF(AM20<0,AM20,0)-(IF(K$11=\"September\",S$9,0)))<-$D20,-$D20,Z20-(IF(K$16=\"\",K$15,K$16)*$K$10)+(IF(AM20<0,AM20,0)-(IF(K$11=\"September\",S$9,0))))","v":-33},{"$f":"IF(AA20-(IF(L$16=\"\",L$15,L$16)*$K$10)+(IF(AN20<0,AN20,0))<-$D20,-$D20,AA20-(IF(L$16=\"\",L$15,L$16)*$K$10)+(IF(AN20<0,AN20,0)))","v":-33},3.758145161290301,50.936574193548417,15.40390625000007,7.4601331843575878,38.363861290322568,-11.625725806451603,-6.3536870967741832,-9.5104612903225672]
[null,"SHI Bin28","Red",55,"Full",1,1,{"$f":"IF($S$11=\"mm\",(SUM(I21:T21)*F21/100),(SUM(I21:T21)))","v":3.5002725837284898},0,0,0,0,0.2351195564516125,1.1099286290322585,0.68924804687500152,0.48341840782122991,0.81637217741935453,0.10028528225806482,6.5900483870967752E-2,0,null,null,null,{"$f":"(IF($C21=\"Red\",0.7,1))*(IF($E21=\"Full\",(I$17*'Crop Co-efficient'!B$2*(VLOOKUP($G21,Lists!$A$8:$B$12,2,FALSE))),(I$17*'Crop Co-efficient'!B$3*(VLOOKUP($G21,Lists!$A$8:$B$12,2,FALSE)))))","v":1.5780483870967756},{"$f":"(IF($C21=\"Red\",0.7,1))*(IF($E21=\"Full\",(J$17*'Crop Co-efficient'!C$2*(VLOOKUP($G21,Lists!$A$8:$B$12,2,FALSE))),(J$17*'Crop Co-efficient'!C$3*(VLOOKUP($G21,Lists!$A$8:$B$12,2,FALSE)))))","v":4.5969677419354831},{"$f":"(IF($C21=\"Red\",0.7,1))*(IF($E21=\"Full\",(K$17*'Crop Co-efficient'!D$2*(VLOOKUP($G21,Lists!$A$8:$B$12,2,FALSE))),(K$17*'Crop Co-efficient'!D$3*(VLOOKUP($G21,Lists!$A$8:$B$12,2,FALSE)))))","v":20.130193548387094},{"$f":"(IF($C21=\"Red\",0.7,1))*(IF($E21=\"Full\",(L$17*'Crop Co-efficient'!E$2*(VLOOKUP($G21,Lists!$A$8:$B$12,2,FALSE))),(L$17*'Crop Co-efficient'!E$3*(VLOOKUP($G21,Lists!$A$8:$B$12,2,FALSE)))))","v":39.421290322580639},{"$f":"(IF($C21=\"Red\",0.7,1))*(IF($E21=\"Full\",(M$17*'Crop Co-efficient'!F$2*(VLOOKUP($G21,Lists!$A$8:$B$12,2,FALSE))),(M$17*'Crop Co-efficient'!F$3*(VLOOKUP($G21,Lists!$A$8:$B$12,2,FALSE)))))","v":58.083064516129006},{"$f":"(IF($C21=\"Red\",0.7,1))*(IF($E21=\"Full\",(N$17*'Crop Co-efficient'!G$2*(VLOOKUP($G21,Lists!$A$8:$B$12,2,FALSE))),(N$17*'Crop Co-efficient'!G$3*(VLOOKUP($G21,Lists!$A$8:$B$12,2,FALSE)))))","v":94.644290322580687},{"$f":"(IF($C21=\"Red\",0.7,1))*(IF($E21=\"Full\",(O$17*'Crop Co-efficient'!H$2*(VLOOKUP($G21,Lists!$A$8:$B$12,2,FALSE))),(O$17*'Crop Co-efficient'!H$3*(VLOOKUP($G21,Lists!$A$8:$B$12,2,FALSE)))))","v":99.339843750000128},{"$f":"(IF($C21=\"Red\",0.7,1))*(IF($E21=\"Full\",(P$17*'Crop Co-efficient'!I$2*(VLOOKUP($G21,Lists!$A$8:$B$12,2,FALSE))),(P$17*'Crop Co-efficient'!I$3*(VLOOKUP($G21,Lists!$A$8:$B$12,2,FALSE)))))","v":80.923472625698395},{"$f":"(IF($C21=\"Red\",0.7,1))*(IF($E21=\"Full\",(Q$17*'Crop Co-efficient'!J$2*(VLOOKUP($G21,Lists!$A$8:$B$12,2,FALSE))),(Q$17*'Crop Co-efficient'!J$3*(VLOOKUP($G21,Lists!$A$8:$B$12,2,FALSE)))))","v":69.859774193548361},{"$f":"(IF($C21=\"Red\",0.7,1))*(IF($E21=\"Full\",(R$17*'Crop Co-efficient'!K$2*(VLOOKUP($G21,Lists!$A$8:$B$12,2,FALSE))),(R$17*'Crop Co-efficient'!K$3*(VLOOKUP($G21,Lists!$A$8:$B$12,2,FALSE)))))","v":29.472822580645186},{"$f":"(IF($C21=\"Red\",0.7,1))*(IF($E21=\"Full\",(S$17*'Crop Co-efficient'!L$2*(VLOOKUP($G21,Lists!$A$8:$B$12,2,FALSE))),(S$17*'Crop Co-efficient'!L$3*(VLOOKUP($G21,Lists!$A$8:$B$12,2,FALSE)))))","v":9.82203870967742},{"$f":"(IF($C21=\"Red\",0.7,1))*(IF($E21=\"Full\",(T$17*'Crop Co-efficient'!M$2*(VLOOKUP($G21,Lists!$A$8:$B$12,2,FALSE))),(T$17*'Crop Co-efficient'!M$3*(VLOOKUP($G21,Lists!$A$8:$B$12,2,FALSE)))))","v":1.3932258064516148},null,null,{"$f":"IF(X21-(IF(I$16=\"\",I$15,I$16)*$K$10)+(IF(AK21<0,AK21,0))<-$D21,-$D21,X21-(IF(I$16=\"\",I$15,I$16)*$K$10)+(IF(AK21<0,AK21,0)))","v":-11.421951612903225},{"$f":"IF(Y21-(IF(J$16=\"\",J$15,J$16)*$K$10)+(IF(AL21<0,AL21,0)-(IF(K$11=\"August\",S$9,0)))<-$D21,-$D21,Y21-(IF(J$16=\"\",J$15,J$16)*$K$10)+(IF(AL21<0,AL21,0))-(IF(K$11=\"August\",S$9,0)))","v":-17.874983870967743},{"$f":"IF(Z21-(IF(K$16=\"\",K$15,K$16)*$K$10)+(IF(AM21<0,AM21,0)-(IF(K$11=\"September\",S$9,0)))<-$D21,-$D21,Z21-(IF(K$16=\"\",K$15,K$16)*$K$10)+(IF(AM21<0,AM21,0)-(IF(K$11=\"September\",S$9,0))))","v":-39.044790322580646},-35.373500000000007,18.809564516129001,88.794290322580693,55.139843750000125,38.673472625698395,65.309774193548364,8.0228225806451867,5.2720387096774202,-3.1567741935483848]
[null,"SHI Red Label","Red",65,"Full",1.3,0.9,{"$f":"IF($S$11=\"mm\",(SUM(I22:T22)*F22/100),(SUM(I22:T22)))","v":2.8997709870776296},0,0,0,0,0,1.0385876129032261,0.57316796875000164,0.36544264413407918,0.83423956451612891,3.4584193548387432E-2,5.3749003225806481E-2,0,null,null,null,{"$f":"(IF($C22=\"Red\",0.7,1))*(IF($E22=\"Full\",(I$17*'Crop Co-efficient'!B$2*(VLOOKUP($G22,Lists!$A$8:$B$12,2,FALSE))),(I$17*'Crop Co-efficient'!B$3*(VLOOKUP($G22,Lists!$A$8:$B$12,2,FALSE)))))","v":1.2624387096774206},{"$f":"(IF($C22=\"Red\",0.7,1))*(IF($E22=\"Full\",(J$17*'Crop Co-efficient'!C$2*(VLOOKUP($G22,Lists!$A$8:$B$12,2,FALSE))),(J$17*'Crop Co-efficient'!C$3*(VLOOKUP($G22,Lists!$A$8:$B$12,2,FALSE)))))","v":3.6775741935483865},{"$f":"(IF($C22=\"Red\",0.7,1))*(IF($E22=\"Full\",(K$17*'Crop Co-efficient'!D$2*(VLOOKUP($G22,Lists!$A$8:$B$12,2,FALSE))),(K$17*'Crop Co-efficient'!D$3*(VLOOKUP($G22,Lists!$A$8:$B$12,2,FALSE)))))","v":16.104154838709675},{"$f":"(IF($C22=\"Red\",0.7,1))*(IF($E22=\"Full\",(L$17*'Crop Co-efficient'!E$2*(VLOOKUP($G22,Lists!$A$8:$B$12,2,FALSE))),(L$17*'Crop Co-efficient'!E$3*(VLOOKUP($G22,Lists!$A$8:$B$12,2,FALSE)))))","v":31.537032258064514},{"$f":"(IF($C22=\"Red\",0.7,1))*(IF($E22=\"Full\",(M$17*'Crop Co-efficient'!F$2*(VLOOKUP($G22,Lists!$A$8:$B$12,2,FALSE))),(M$17*'Crop Co-efficient'!F$3*(VLOOKUP($G22,Lists!$A$8:$B$12,2,FALSE)))))","v":46.466451612903207},{"$f":"(IF($C22=\"Red\",0.7,1))*(IF($E22=\"Full\",(N$17*'Crop Co-efficient'!G$2*(VLOOKUP($G22,Lists!$A$8:$B$12,2,FALSE))),(N$17*'Crop Co-efficient'!G$3*(VLOOKUP($G22,Lists!$A$8:$B$12,2,FALSE)))))","v":75.715432258064553},{"$f":"(IF($C22=\"Red\",0.7,1))*(IF($E22=\"Full\",(O$17*'Crop Co-efficient'!H$2*(VLOOKUP($G22,Lists!$A$8:$B$12,2,FALSE))),(O$17*'Crop Co-efficient'!H$3*(VLOOKUP($G22,Lists!$A$8:$B$12,2,FALSE)))))","v":79.471875000000111},{"$f":"(IF($C22=\"Red\",0.7,1))*(IF($E22=\"Full\",(P$17*'Crop Co-efficient'!I$2*(VLOOKUP($G22,Lists!$A$8:$B$12,2,FALSE))),(P$17*'Crop Co-efficient'!I$3*(VLOOKUP($G22,Lists!$A$8:$B$12,2,FALSE)))))","v":64.738778100558719},{"$f":"(IF($C22=\"Red\",0.7,1))*(IF($E22=\"Full\",(Q$17*'Crop Co-efficient'!J$2*(VLOOKUP($G22,Lists!$A$8:$B$12,2,FALSE))),(Q$17*'Crop Co-efficient'!J$3*(VLOOKUP($G22,Lists!$A$8:$B$12,2,FALSE)))))","v":55.887819354838697},{"$f":"(IF($C22=\"Red\",0.7,1))*(IF($E22=\"Full\",(R$17*'Crop Co-efficient'!K$2*(VLOOKUP($G22,Lists!$A$8:$B$12,2,FALSE))),(R$17*'Crop Co-efficient'!K$3*(VLOOKUP($G22,Lists!$A$8:$B$12,2,FALSE)))))","v":23.578258064516149},{"$f":"(IF($C22=\"Red\",0.7,1))*(IF($E22=\"Full\",(S$17*'Crop Co-efficient'!L$2*(VLOOKUP($G22,Lists!$A$8:$B$12,2,FALSE))),(S$17*'Crop Co-efficient'!L$3*(VLOOKUP($G22,Lists!$A$8:$B$12,2,FALSE)))))","v":7.8576309677419367},{"$f":"(IF($C22=\"Red\",0.7,1))*(IF($E22=\"Full\",(T$17*'Crop Co-efficient'!M$2*(VLOOKUP($G22,Lists!$A$8:$B$12,2,FALSE))),(T$17*'Crop Co-efficient'!M$3*(VLOOKUP($G22,Lists!$A$8:$B$12,2,FALSE)))))","v":1.1145806451612918},null,null,{"$f":"IF(X22-(IF(I$16=\"\",I$15,I$16)*$K$10)+(IF(AK22<0,AK22,0))<-$D22,-$D22,X22-(IF(I$16=\"\",I$15,I$16)*$K$10)+(IF(AK22<0,AK22,0)))","v":-11.73756129032258},{"$f":"IF(Y22-(IF(J$16=\"\",J$15,J$16)*$K$10)+(IF(AL22<0,AL22,0)-(IF(K$11=\"August\",S$9,0)))<-$D22,-$D22,Y22-(IF(J$16=\"\",J$15,J$16)*$K$10)+(IF(AL22<0,AL22,0))-(IF(K$11=\"August\",S$9,0)))","v":-19.109987096774194},{"$f":"IF(Z22-(IF(K$16=\"\",K$15,K$16)*$K$10)+(IF(AM22<0,AM22,0)-(IF(K$11=\"September\",S$9,0)))<-$D22,-$D22,Z22-(IF(K$16=\"\",K$15,K$16)*$K$10)+(IF(AM22<0,AM22,0)-(IF(K$11=\"September\",S$9,0))))","v":-44.305832258064513},-48.518799999999999,-5.9523483870967908,63.913083870967768,35.271875000000108,22.488778100558719,51.3378193548387,2.1282580645161495,3.3076309677419369,-3.4354193548387082]
[null,null,null,null,{"$f":"VLOOKUP($C$6,Lists!$A$24:$F$92,6)","v":"Full"}]
[]
[null,null,null,null,null,null,"Total Water Allocated:",{"$f":"SUM(H20:H24)","v":10.74714182378808},{"$f":"IF($S$11=\"mm\",(SUM(I20:I24)*$F20/100),(SUM(I20:I24)))","v":0},0,0,0,0.37604999999999877,4.0586377741935502,1.8400625000000059,1.1286160463687187,3.0892565403225793,0.13486947580645225,0.11964948709677423,0]
[null,null,null,null,null,null,"Total Water Unallocated:",{"$f":"(K4+K5)-H25","v":49.252858176211916}]
[]
[null,null,null,null,null,null,null,null,null,null,null,null,null,null,null,null,null,null,null,"Copyright"]

{"sheet":"Edit Vineyard","index":2,"n_rows":18,"n_cols":10,"rows_kept":18,"cut":false,"hidden":true,"merged":[[17,7,17,8],[17,9,17,11],[15,1,15,3],[10,7,10,8],[10,9,10,11],[12,7,12,8],[12,9,12,11],[14,7,14,8],[14,9,14,11],[16,2,16,3],[17,2,17,3],[17,4,17,6],[10,4,10,6],[10,2,10,3],[12,1,12,3],[5,9,5,11],[7,7,7,8],[7,9,7,11],[9,7,9,8],[16,7,16,8],[3,5,3,8],[13,4,13,6],[13,2,13,3],[5,4,5,6],[15,4,15,6],[5,2,5,3],[9,2,9,3],[5,7,5,8]]}
[]
[]
[]
[null,null,null,null,null,"Edit Vineyard "]
[]
[null,null,"Season:",null,"2020-21",null,null,"Property Name:",null,"AWRI Vineyard"]
[]
[null,null,null,null,null,null,null,"Location:",null,"Riverland"]
[]
[null,null,"Water available at",null,null,null,null,"Irrigation Application"]
[null,null,"start of season (ML):",null,50,null,null,"Efficiency:",null,0.8]
[]
[null,"Additional water purchases",null,null,null,null,null,"Soil Type:",null,"Loamy sand"]
[null,null,"or dam inflows (ML):",null,10]
[null,null,null,1,null,null,null,"Rooting Depth:",null,1.21]
[null,"Normal Irrigation Use (ML):",null,null,75]
[null,null,null,null,null,null,null,"Water stored in soil"]
[null,null,"Budburst:",null,"September",null,null,"at budburst:",null,40]

{"sheet":"Edit Block","index":3,"n_rows":101,"n_cols":26,"rows_kept":101,"cut":false,"hidden":true,"merged":[[16,1,16,2],[16,3,16,5],[3,1,3,6],[5,1,5,2],[5,3,5,5],[7,1,7,2],[7,3,7,5],[9,1,9,2],[10,6,14,6],[13,4,13,5],[14,1,14,2],[14,3,14,5],[10,1,10,2],[10,3,10,5],[12,1,12,2],[12,3,12,5]]}
[]
[]
[]
[null,"Edit Block "]
[]
[null,"Block Name:",null,"SHI Bin28"]
[]
[null,"Variety Class:",null,"Red"]
[]
[null,"Maximum Soil"]
[null,"RAW:",null,55]
[]
[null,"Full / Supplementary:",null,"Full"]
[]
[null,"Area (Ha):",null,1]
[]
[null,"Target Yield:",null,1]
[]
[]
[]
[]
[]
[]
[]
[]
[]
[]
[]
[]
[]
[]
[]
[]
[]
[]
[]
[]
[]
[]
[]
[]
[]
[]
[]
[]
[]
[]
[]
[]
[]
[]
[]
[]
[]
[]
[]
[]
[]
[]
[]
[]
[]
[]
[]
[]
[]
[]
[]
[]
[]
[]
[]
[]
[]
[]
[]
[]
[]
[]
[]
[]
[]
[]
[]
[]
[]
[]
[]
[]
[]
[]
[]
[]
[]
[]
[]
[]
[]
[null,null,null,null,null,null,null,null,null,null,null,null,null,null,null,null,null,null,null,null,null,null,null,null,null,19]
[]
[null,null,null,null,null,null,null,null,null,null,null,null,null,null,null,null,null,null,null,null,null,null,null,null,null,18]

{"sheet":"Add Block","index":4,"n_rows":17,"n_cols":2,"rows_kept":17,"cut":false,"hidden":true,"merged":[[12,3,12,5],[16,1,16,2],[16,3,16,5],[3,1,3,6],[5,1,5,2],[5,3,5,5],[7,1,7,2],[7,3,7,5],[9,1,9,2],[10,6,14,6],[13,4,13,5],[10,1,10,2],[10,3,10,5],[14,1,14,2],[14,3,14,5],[12,1,12,2]]}
[]
[]
[]
[null,"Add Block"]
[]
[null,"Block Name:"]
[]
[null,"Variety Class:"]
[]
[null,"Maximum Soil"]
[null,"RAW:"]
[]
[null,"Full / Supplementary:"]
[]
[null,"Area (Ha):"]
[]
[null,"Target Yield:"]

{"sheet":"Lists","index":5,"n_rows":157,"n_cols":6,"rows_kept":157,"cut":false,"hidden":true,"merged":[]}
["Crop Type"]
["Red"]
["White"]
[]
[]
[]
["Target Percentage"]
[1,1]
[0.9,0.8]
[0.75,0.65]
[0.5,0.55000000000000004]
[0.1,0.4]
[]
["Budburst"]
["August"]
["September"]
[]
[]
["mm/ML"]
["mm"]
["ML/ha"]
[]
["Location"]
["Adelaide Hills - Lenswood","LENSWOOD",-34.9482,138.80709999999999," 480.0 m","Supplementary"]
["Adelaide Hills - Stirling","STIRLING POST OFFICE",-35,138.7167," 496.0 m","Supplementary"]
["Adelaide Plains","EDINBURGH RAAF",-34.711100000000002,138.62219999999999,"  16.5 m","Full"]
["Albany","ALBANY AIRPORT COMPARISON",-34.941400000000002,117.8022,"  68.0 m","Supplementary"]
["Alpine Valleys","MYRTLEFORD POST OFFICE",-36.566699999999997,146.73330000000001," 222.5 m","Supplementary"]
["Barossa Valley","NURIOOTPA PIRSA",-34.476100000000002,139.00559999999999," 275.0 m","Supplementary"]
["Beechworth","BEECHWORTH COMPOSITE",-36.370199999999997,146.7132," 580.0 m","Supplementary"]
["Bendigo","BENDIGO AIRPORT",-36.741100000000003,144.32749999999999," 209.2 m","Supplementary"]
["Blackwood Valley","BRIDGETOWN",-33.948599999999999,116.1311," 178.7 m","Supplementary"]
["Canberra","CANBERRA AIRPORT COMPARISON",-35.304900000000004,149.20140000000001," 578.4 m","Supplementary"]
["Clare","CLARE HIGH SCHOOL",-33.822600000000001,138.5933," 395.0 m","Supplementary"]
["Coonawarra","COONAWARRA",-37.290599999999998,140.8254,"  57.0 m","Supplementary"]
["Cowra","COWRA RESEARCH CENTRE",-33.808700000000002,148.7071," 381.0 m","Supplementary"]
["Currency Creek","Gridded Data",-35.450000000000003,138.80000000000001,"  21.2 m","Full"]
["Eden Valley","Gridded Data",-34.65,139.1," 394.5 m","Supplementary"]
["Frankland River","FRANKLAND VINEYARDS",-34.441699999999997,116.9944," 230.0 m","Supplementary"]
["Geelong","AVALON AIRPORT",-38.028799999999997,144.47829999999999,"  10.6 m","Supplementary"]
["Geographe","DONNYBROOK",-33.571899999999999,115.82470000000001,"  63.0 m","Supplementary"]
["Gippsland - Bairnsdale","BAIRNSDALE AIRPORT",-37.881799999999998,147.5669,"  49.4 m","Supplementary"]
["Gippsland - Warragul","WARRAGUL",-38.173099999999998,145.9487," 143.0 m","Supplementary"]
["Glenrowan","Gridded Data",-36.4,146.19999999999999," 291.7 m","Supplementary"]
["Goulburn Valley","TATURA INST SUSTAINABLE AG",-36.437800000000003,145.2672," 114.0 m","Supplementary"]
["Grampians","ARARAT PRISON",-37.276899999999998,142.9786," 295.0 m","Supplementary"]
["Granite Belt","STANTHORPE LESLIE PARADE",-28.6617,151.93389999999999," 784.2 m","Supplementary"]
["Gundagai","COOTAMUNDRA AIRPORT",-34.629899999999999,148.03649999999999," 335.0 m","Supplementary"]
["Hastings River","KEMPSEY AIRPORT AWS",-31.071100000000001,152.77170000000001,"  13.0 m","Supplementary"]
["Heathcote","HEATHCOTE",-36.9589,144.70099999999999," 311.0 m","Supplementary"]
["Henty","HEYWOOD FORESTRY",-38.1355,141.63159999999999,"  26.8 m","Supplementary"]
["Hilltops","YOUNG AIRPORT",-34.249299999999998,148.2475," 379.6 m","Supplementary"]
["Hunter","CESSNOCK AIRPORT AWS",-32.788600000000002,151.33770000000001,"  61.0 m","Supplementary"]
["Kangaroo Island","KINGSCOTE AERO",-35.711399999999998,137.5231,"   6.2 m","Supplementary"]
["King Valley","EDI UPPER",-36.739600000000003,146.46709999999999," 365.0 m","Supplementary"]
["Langhorne Creek","STRATHALBYN RACECOURSE",-35.2836,138.89340000000001,"  58.0 m","Full"]
["Macedon Ranges","KYNETON",-37.25,144.43780000000001," 526.0 m","Supplementary"]
["Manjimup","MANJIMUP",-34.250799999999998,116.145," 286.7 m","Supplementary"]
["Margaret River","WITCHCLIFFE",-34.028100000000002,115.10420000000001,"  80.0 m","Supplementary"]
["McLaren Vale","Gridded Data",-35.200000000000003,138.55000000000001,"  90.0 m","Supplementary"]
["Mornington Peninsula","MORNINGTON",-38.235799999999998,145.0667,"  60.0 m","Supplementary"]
["Mount Barker","MOUNT BARKER",-34.625,117.6361," 300.0 m","Supplementary"]
["Mount Benson","CAPE JAFFA (THE LIMESTONE)",-36.965499999999999,139.71639999999999,"  17.0 m","Supplementary"]
["Mount Gambier","MOUNT GAMBIER AERO",-37.747300000000003,140.7739,"  63.0 m","Supplementary"]
["Mudgee","MUDGEE AIRPORT AWS",-32.562800000000003,149.61490000000001," 471.0 m","Supplementary"]
["Murray Darling","MILDURA AIRPORT",-34.235799999999998,142.08670000000001,"  50.0 m","Supplementary"]
["New England","INVERELL RESEARCH CENTRE",-29.775200000000002,151.08199999999999," 664.0 m","Supplementary"]
["Orange","ORANGE AGRICULTURAL INSTITUTE",-33.321100000000001,149.08279999999999," 922.0 m","Supplementary"]
["Padthaway","PADTHAWAY SOUTH",-36.6539,140.52119999999999,"  37.0 m","Supplementary"]
["Peel","HALLS HEAD",-32.538499999999999,115.7002," 366.0 m","Supplementary"]
["Pemberton","PEMBERTON",-34.447800000000001,116.0433," 174.0 m","Supplementary"]
["Perth Hills","BICKLEY",-32.007199999999997,116.1369," 384.0 m","Supplementary"]
["Pyrenees","AVOCA (POST OFFICE)",-37.088700000000003,143.47470000000001," 242.0 m","Supplementary"]
["Riverina","GRIFFITH AIRPORT AWS",-34.248699999999999,146.06950000000001," 134.0 m","Full"]
["Riverland","LOXTON RESEARCH CENTRE",-34.439,140.59780000000001,"  30.1 m","Full"]
["Robe","ROBE AIRFIELD",-37.177599999999998,139.80539999999999,"   3.0 m","Supplementary"]
["Rutherglen","RUTHERGLEN RESEARCH",-36.104799999999997,146.5094," 175.0 m","Supplementary"]
["Shoalhaven Coast","NOWRA RAN AIR STATION AWS",-34.946899999999999,150.53530000000001," 109.0 m","Supplementary"]
["South Burnett","KINGAROY AIRPORT",-26.573699999999999,151.8398," 433.7 m","Supplementary"]
["Southern Fleurieu","VICTOR HARBOR (ENCOUNTER BAY)",-35.554400000000001,138.59970000000001,"   8.0 m","Supplementary"]
["Southern Flinders","GEORGETOWN",-33.359000000000002,138.393," 273.0 m","Supplementary"]
["Southern Highlands","MOSS VALE AWS",-34.525300000000001,150.42169999999999," 678.4 m","Supplementary"]
["Strathbogie Ranges","STRATHBOGIE",-36.847200000000001,145.73079999999999," 502.0 m","Supplementary"]
["Sunbury","MELBOURNE AIRPORT",-37.665500000000002,144.8321," 113.4 m","Supplementary"]
["Swan District","PERTH AIRPORT",-31.927499999999998,115.9764,"  15.4 m","Full"]
["Swan Hill","SWAN HILL AERODROME",-35.376600000000003,143.54159999999999,"  71.0 m","Full"]
["Tasmania - Hobart","HOBART AIRPORT",-42.8339,147.5033,"   4.0 m","Supplementary"]
["Tasmania - Launceston","LAUNCESTON (TI TREE BEND)",-41.419400000000003,147.12190000000001,"   5.0 m","Supplementary"]
["Tumbarumba","TUMBARUMBA POST OFFICE",-35.777999999999999,148.01220000000001," 645.0 m","Supplementary"]
["Upper Goulburn","MANSFIELD (POST OFFICE)",-37.052500000000002,146.0872," 316.0 m","Supplementary"]
["Wrattonbully","Gridded Data",-37.200000000000003,140.9,"  99.1 m","Supplementary"]
["Yarra Valley","COLDSTREAM",-37.7239,145.4092,"  83.0 m","Supplementary"]
[]
[]
["Month"]
["January"]
["February"]
["March"]
["April"]
["May"]
["June"]
["July"]
["August"]
["September "]
["October "]
["November"]
["December"]
[]
["Soil Type","https://www.agric.wa.gov.au/citrus/calculating-readily-available-water?page=0%2C1"]
["Sand",35]
["Loamy sand",55]
["Sandy loam",65]
["Loam",85]
["Sandy clay loam",70]
["Clay loam",65]
["Light clay",55]
[]
["Season"]
["2019-20"]
["2020-21"]
["2021-22"]
["2022-23"]
["2023-24"]
["2024-25"]
["2025-26"]
["2026-27"]
["2027-28"]
["2028-29"]
["2029-30"]
["2030-31"]
["2031-32"]
["2032-33"]
["2033-34"]
["2034-35"]
["2035-36"]
["2036-37"]
["2037-38"]
["2038-39"]
["2039-40"]
[]
["F/Y"]
["Jul"]
["Aug"]
["Sep"]
["Oct"]
["Nov"]
["Dec"]
["Jan"]
["Feb"]
["Mar"]
["Apr"]
["May"]
["Jun"]
[]
["Full / Supplementary"]
["Full"]
["Supplementary"]

{"sheet":"Crop Co-efficient","index":6,"n_rows":3,"n_cols":13,"rows_kept":3,"cut":false,"hidden":true,"merged":[]}
["MONTH","JUL","AUG","SEP","OCT","NOV","DEC","JAN","FEB","MAR","APR","MAY","JUN"]
["WINEGRAPE (full)",0.05,0.1,0.3,0.4,0.5,0.7,0.7,0.7,0.7,0.45,0.24,0.05]
["WINEGRAPE (supplementary)",0.05,0.05,0.05,0.28000000000000003,0.35,0.42,0.42,0.43,0.43,0.15,0.24,0.05]

{"sheet":"Monthly rain","index":7,"n_rows":70,"n_cols":13,"rows_kept":70,"cut":false,"hidden":true,"merged":[]}
["Geographical Indication:","Jul","Aug","Sep","Oct","Nov","Dec","Jan","Feb","Mar","Apr","May","Jun"]
["Adelaide Hills - Lenswood",163.2741935483869,145.96129032258062,115.01612903225805,71.729032258064521,46.503225806451596,44.445161290322595,28.453125000000011,26.839329608938563,33.683870967741967,58.029032258064518,106.54838709677422,146.91612903225794]
["Adelaide Hills - Stirling",151.01612903225799,135.26129032258038,112.49354838709661,72.970967741935397,53.596774193548399,48.212903225806464,33.675000000000004,30.940155728587346,42.651612903225796,65.267741935483855,114.96451612903203,147.80322580645156]
["Adelaide Plains",52.032258064516235,49.232258064516195,46.832258064516218,31.751612903225848,24.919354838709683,27.325806451612927,20.3,19.118212290502797,20.967741935483883,26.203225806451623,42.225806451612925,55.703225806451726]
["Albany",114.69677419354839,111.41935483870962,93.164516129032194,64.490322580645227,43.990322580645113,32.261290322580663,24.559375000000006,22.199776536312868,39.051612903225823,59.506451612903312,72.858064516129048,104.90645161290317]
["Alpine Valleys",108.06129032258026,107.12258064516109,82.722580645161031,77.009677419354702,68.932258064516148,70.122580645161264,55.515624999999964,56.043798882681514,55.199999999999967,54.032258064516022,80.187096774193279,97.864516129031756]
["Barossa Valley",62.751612903225919,61.470967741935532,58.780645161290344,36.267741935483897,32.28064516129033,32.267741935483883,17.67499999999999,21.62100558659218,23.970967741935478,30.506451612903238,43.81612903225809,59.68064516129045]
["Beechworth",121.84838709677398,115.55161290322543,93.067741935483809,80.145161290322633,80.503225806451681,77.683870967741967,59.837500000000063,58.002234636871556,56.745161290322663,59.529032258064596,88.099999999999952,109.67096774193496]
["Bendigo",56.006451612903433,53.983870967742099,50.387096774193665,39.383870967742013,43.903225806451609,38.448387096774248,33.134375000000027,29.370279329608945,28.83870967741937,33.096774193548406,45.061290322580781,55.358064516129303]
["Blackwood Valley",138.32903225806407,118.48709677419328,88.761290322580635,45.200000000000031,31.161290322580669,20.383870967741956,15.346874999999994,14.112625698324011,22.954838709677436,45.70967741935489,99.487096774193191,110.91612903225763]
["Canberra",40.206451612903251,41.703225806451641,52.677419354838754,46.058064516129051,67.380645161290332,61.151612903225811,56.150000000000027,57.511061452513985,50.612903225806434,36.809677419354863,31.638709677419413,48.164516129032357]
["Clare",71.474193548387191,69.861290322580729,63.770967741935586,45.383870967741991,37.770967741935522,38.403225806451637,24.125000000000004,24.092513966480439,25.212903225806478,35.629032258064555,52.929032258064595,74.690322580645187]
["Coonawarra",80.858064516128991,83.016129032257979,63.709677419354861,42.425806451612985,36.603225806451682,32.645161290322598,27.890625000000032,17.957541899441335,26.535483870967788,37.022580645161334,54.022580645161369,72.964516129032262]
["Cowra",53.306451612903246,47.109677419354853,50.938709677419382,49.961290322580631,55.770967741935458,64.977419354838744,47.434374999999974,59.203575418994376,50.058064516129015,38.687096774193549,40.183870967741953,52.335483870967764]
["Currency Creek",65.906451612903197,59.622580645161221,51.393548387096715,35.20322580645167,27.525806451612929,28.625806451612938,16.775000000000002,18.207786429365967,18.138709677419374,30.603225806451665,51.138709677419307,69.041935483870873]
["Eden Valley",62.532258064516007,61.103225806451498,50.458064516128971,30.980645161290372,27.048387096774217,30.122580645161314,18.018750000000022,20.153743016759798,19.087096774193583,25.587096774193604,37.483870967741957,58.274193548386954]
["Frankland River",93.787096774193472,88.187096774193563,70.106451612903214,44.403225806451609,34.467741935483851,24.193548387096776,18.725000000000001,12.804916201117324,24.899999999999995,38.393548387096743,66.874193548387126,76.158064516128945]
["Geelong",37.635483870967818,40.077419354838788,45.132258064516179,47.183870967742003,49.838709677419438,36.341935483871033,39.121875000000003,36.593966480446966,27.667741935483892,42.674193548387152,33.106451612903271,44.89032258064524]
["Geographe",178.17741935483855,150.55483870967723,102.88064516129022,47.622580645161342,32.590322580645157,18.322580645161281,13.965624999999992,13.46189944134078,22.809677419354831,44.887096774193552,120.29677419354822,145.68064516129024]
["Gippsland - Bairnsdale",45.480645161290447,36.706451612903287,50.503225806451731,60.535483870967838,70.190322580645216,59.64193548387103,50.468750000000099,52.293659621802078,47.780645161290394,55.290322580645316,38.158064516129102,71.403225806451672]
["Gippsland - Warragul",86.235483870967727,96.37096774193553,101.56451612903226,90.435483870967857,80.912903225806531,71.174193548387038,57.996875000000074,55.006451612903192,55.106451612903214,72.432258064516134,78.203225806451698,81.061290322580646]
["Glenrowan",69.151612903225711,62.874193548386927,54.103225806451505,48.377419354838679,50.21612903225806,44.480645161290305,41.303124999999987,41.987541713014416,39.59354838709676,38.48709677419351,53.764516129032174,61.319354838709515]
["Goulburn Valley",44.935483870967808,43.75483870967745,39.435483870967801,38.029032258064532,41.193548387096776,36.506451612903248,35.918750000000024,33.828379888268174,28.2709677419355,29.077419354838714,36.974193548387149,45.451612903225858]
["Grampians",60.464516129032333,67.738709677419394,56.712903225806542,45.329032258064544,44.522580645161298,38.98387096774195,36.171875,32.39240223463689,24.177419354838708,36.874193548387161,48.274193548387089,61.548387096774334]
["Granite Belt",36.361290322580665,31.970967741935489,34.354838709677409,74.377419354838736,83.180645161290272,103.76451612903224,90.78437499999994,81.997765363128408,67.27096774193555,33.961290322580659,44.593548387096774,37.361290322580636]
["Gundagai",62.67419354838718,54.329032258064579,51.448387096774233,49.88709677419358,55.861290322580693,53.890322580645133,47.771875000000023,51.444916201117337,50.641935483871009,38.183870967741917,41.819354838709685,59.496774193548468]
["Hastings River",39.08064516129047,46.596774193548441,42.23870967741945,63.280645161290323,115.88387096774167,113.81935483870959,123.21249999999981,153.71530726256952,157.28709677419315,86.690322580644931,79.416129032257999,110.33225806451597]
["Heathcote",59.17741935483884,54.900000000000048,51.890322580645211,44.05161290322588,51.964516129032262,36.403225806451623,36.340625000000003,35.423910614525155,28.258064516129036,36.251612903225812,45.319354838709721,58.529032258064611]
["Henty",96.751612903225833,103.61290322580641,82.258064516129096,57.454838709677297,49.99032258064512,44.306451612903174,31.75937500000002,29.632035595105691,33.00000000000005,50.525806451612816,67.016129032258007,91.970967741935425]
["Hilltops",61.88387096774219,53.158064516129208,51.132258064516236,45.887096774193623,59.38387096774197,58.693548387096818,42.140625000000036,51.485586592178834,46.703225806451648,38.690322580645201,40.609677419354966,60.809677419355076]
["Hunter",32.370967741935551,31.777419354838713,43.532258064516164,49.109677419354888,70.080645161290363,74.229032258064535,75.078125000000114,107.62011173184354,78.477419354838744,63.92580645161302,44.532258064516213,63.796774193548501]
["Kangaroo Island",70.838709677419402,62.33225806451626,48.248387096774358,30.383870967742006,21.590322580645175,21.241935483870957,14.71562499999999,17.422914349276965,23.62580645161292,26.02258064516132,51.26774193548394,70.177419354838889]
["King Valley",128.45161290322537,120.36129032258003,96.18709677419335,77.529032258064476,81.370967741935459,71.3,61.525000000000041,58.099221357063442,61.59677419354847,57.638709677419492,89.564516129032185,109.64838709677363]
["Langhorne Creek",62.093548387096909,57.1064516129033,50.45161290322595,34.054838709677476,27.716129032258095,28.851612903225817,17.053124999999984,19.637541899441342,17.370967741935477,29.970967741935503,44.300000000000033,58.893548387096899]
["Macedon Ranges",83.654838709677321,80.754838709677244,74.180645161290229,58.022580645161412,57.51935483870971,47.032258064516157,46.587500000000006,39.891434927697446,34.770967741935479,43.835483870967792,61.932258064516276,87.561290322580547]
["Manjimup",160.73225806451583,138.77741935483846,107.5451612903226,61.574193548387207,42.222580645161329,27.677419354838726,20.73125000000001,15.270167597765337,27.290322580645206,50.364516129032381,107.36129032258052,119.23225806451576]
["Margaret River",209.01935483870915,167.34838709677385,118.42903225806438,66.24838709677438,38.661290322580726,19.545161290322575,12.474999999999996,13.030167597765345,29.825806451612959,61.158064516129123,139.870967741935,189.30645161290315]
["McLaren Vale",80.287096774193429,65.016129032258078,55.180645161290307,36.858064516129033,26.877419354838729,25.419354838709694,19.250000000000004,17.478882681564251,22.429032258064534,35.793548387096784,61.254838709677422,76.225806451612826]
["Mornington Peninsula",70.674193548387166,74.529032258064589,72.941935483870907,64.106451612903257,64.59999999999998,53.629032258064512,44.18437500000001,44.981452513966467,39.645161290322562,61.78709677419355,66.867741935483878,75.058064516129022]
["Mount Barker",89.309677419354855,83.574193548387115,73.412903225806502,55.251612903225769,39.729032258064493,30.651612903225782,24.121874999999989,23.989273743016742,40.141935483870959,50.051612903225774,65.087096774193498,74.97419354838722]
["Mount Benson",90.396774193548353,79.954838709677432,51.938709677419503,35.045161290322653,26.635483870967775,25.232258064516135,17.403124999999989,16.575750834260283,20.600000000000005,32.980645161290397,55.545161290322639,76.941935483870992]
["Mount Gambier",100.99032258064507,103.89999999999989,75.896774193548453,54.851612903225877,44.345161290322672,39.090322580645186,30.600000000000023,24.904115684093455,34.929032258064552,48.519354838709788,71.406451612903282,92.532258064516114]
["Mudgee",48.703225806451684,37.203225806451677,53.383870967741991,52.458064516129063,70.416129032258084,76.838709677419317,64.090625000000017,65.97675977653634,58.409677419354857,40.141935483871002,40.567741935483916,44.722580645161393]
["Murray Darling",22.577419354838725,21.109677419354846,25.290322580645167,22.20322580645162,27.696774193548379,31.554838709677423,24.250000000000004,22.030837988826811,17.096774193548384,17.690322580645148,22.093548387096778,21.387096774193569]
["New England",44.400000000000034,36.793548387096784,47.851612903225849,66.358064516129133,96.367741935483906,106.33548387096782,99.828125000000043,91.308156424581028,75.483870967741908,38.922580645161297,37.345161290322579,51.074193548387136]
["Orange",87.548387096774007,91.667741935483761,74.535483870967752,68.938709677419354,75.780645161290352,83.761290322580564,76.131249999999952,75.039999999999949,66.258064516129068,52.796774193548472,61.796774193548536,82.851612903225742]
["Padthaway",67.348387096774303,69.78064516129038,52.493548387096837,37.406451612903282,30.845161290322597,30.038709677419391,24.021875000000016,16.928268156424576,20.551612903225802,28.22580645161295,42.706451612903294,61.409677419354971]
["Peel",147.38709677419342,114.03870967741932,78.112903225806321,39.62580645161291,24.748387096774188,13.722580645161296,15.159374999999997,15.082458100558664,20.84193548387098,38.912903225806474,99.980645161290226,142.21935483870956]
["Pemberton",202.07741935483855,177.77419354838696,144.91935483870969,81.67419354838708,57.106451612903228,36.67096774193547,26.121874999999996,19.12658509454949,32.98387096774195,63.825806451612898,137.1161290322581,166.79999999999984]
["Perth Hills",216.50645161290257,183.82258064516094,129.91290322580622,64.290322580645196,38.222580645161315,15.503225806451603,25.840624999999999,18.307452725250279,24.861290322580661,49.848387096774211,118.41612903225781,179.15806451612829]
["Pyrenees",56.622580645161356,56.332258064516161,53.051612903225788,40.251612903225841,41.219354838709691,40.793548387096735,42.415624999999991,26.998882681564258,20.654838709677428,30.687096774193556,44.003225806451631,59.561290322580639]
["Riverina",34.348387096774303,31.132258064516165,34.696774193548443,36.754838709677436,38.164516129032293,34.322580645161317,28.346875000000018,33.415418994413429,34.819354838709678,23.251612903225801,31.30967741935487,37.822580645161374]
["Riverland",24.148387096774229,23.661290322580655,28.41612903225808,21.712903225806446,23.538709677419323,23.887096774193548,19.340624999999999,19.471731843575427,12.177419354838703,17.964516129032255,21.716129032258063,24.16451612903229]
["Robe",101.8967741935482,95.683870967741868,61.000000000000142,39.303225806451643,31.706451612903287,29.080645161290331,18.315624999999997,18.640711902113452,27.264516129032284,38.48064516129039,65.038709677419504,95.403225806451331]
["Rutherglen",59.732258064516266,55.722580645161393,53.883870967742041,49.661290322580726,52.429032258064531,44.993548387096801,37.65000000000002,42.131396648044749,36.177419354838719,32.767741935483897,46.019354838709759,53.587096774193732]
["Shoalhaven Coast",57.125806451612959,72.464516129032248,59.835483870967835,61.670967741935499,80.161290322580712,76.148387096774215,80.481249999999932,129.18793296089373,97.187096774193563,72.916129032258027,64.874193548387169,122.53870967741923]
["South Burnett",29.5290322580646,25.951612903225826,32.709677419354882,62.000000000000071,68.532258064516157,100.12258064516116,100.75312499999997,94.492960893854672,67.670967741935542,32.212903225806478,43.361290322580757,39.454838709677475]
["Southern Fleurieu",89.270967741935436,78.664516129032279,64.493548387096851,41.038709677419405,30.254838709677447,30.287096774193582,19.859374999999989,22.240446927374308,22.174193548387084,38.903225806451658,60.81290322580648,85.080645161290306]
["Southern Flinders",58.89032258064519,53.567741935483902,52.648387096774186,39.629032258064527,34.470967741935489,32.883870967741927,23.859375,19.665698324022351,24.903225806451609,30.661290322580644,44.783870967741947,61.341935483870969]
["Southern Highlands",47.041935483871121,64.406451612903354,50.758064516129117,49.506451612903291,69.600000000000136,61.854838709677523,66.775000000000077,104.69497206703899,78.764516129032359,62.983870967742163,55.538709677419639,89.783870967741819]
["Strathbogie Ranges",112.70967741935461,110.11612903225802,86.135483870967818,70.961290322580652,67.845161290322608,63.3774193548387,52.528125000000031,50.162234636871524,48.59354838709681,54.645161290322633,77.82258064516131,103.522580645161]
["Sunbury",34.422580645161297,39.019354838709738,45.909677419354885,49.277419354838777,58.322580645161288,51.535483870967774,38.643749999999983,42.77899441340783,37.154838709677449,41.567741935483902,33.341935483870991,43.393548387096843]
["Swan District",142.24516129032253,120.4129032258065,77.748387096774209,36.270967741935479,25.845161290322576,9.606451612903232,17.21875,16.549720670391054,18.367741935483863,32.858064516129048,80.941935483871006,121.14838709677409]
["Swan Hill",30.329032258064629,27.990322580645213,29.993548387096819,25.874193548387129,34.916129032258077,23.893548387096796,24.571875000000009,19.94100558659219,17.529032258064522,21.074193548387086,28.622580645161332,27.61935483870975]
["Tasmania - Hobart",37.045161290322618,44.948387096774283,39.483870967741929,40.696774193548436,41.670967741935563,45.000000000000014,40.715624999999982,34.665183537263644,33.051612903225845,33.716129032258074,30.287096774193554,36.632258064516193]
["Tasmania - Launceston",80.545161290322667,83.751612903225762,65.200000000000045,48.358064516129012,52.8935483870968,45.070967741935483,48.54375000000001,35.465628476084547,36.01290322580644,49.061290322580717,62.154838709677477,68.738709677419436]
["Tumbarumba",101.45806451612879,109.48387096774181,90.619354838709654,76.767741935483855,92.658064516129002,76.90967741935485,64.315625000000054,59.691620111731872,60.706451612903287,58.429032258064545,70.851612903225842,93.167741935483733]
["Upper Goulburn",67.603225806451604,72.806451612903174,67.270967741935493,58.335483870967785,60.461290322580666,57.212903225806421,54.531250000000007,43.367296996662972,44.470967741935482,42.680645161290322,53.970967741935432,63.851612903225771]
["Wrattonbully",82.348387096774204,85.551612903225717,65.993548387096723,42.929032258064503,37.109677419354824,36.412903225806502,29.603125000000009,19.696983240223496,26.035483870967774,36.596774193548406,52.793548387096735,73.054838709677199]
["Yarra Valley",63.916129032258176,75.058064516129079,79.106451612903271,73.0741935483871,74.222580645161386,68.161290322580726,49.540625000000055,54.510837988826871,49.622580645161293,59.441935483871092,65.283870967742061,69.806451612903416]

{"sheet":"Monthly Et Short crop","index":8,"n_rows":70,"n_cols":13,"rows_kept":70,"cut":false,"hidden":true,"merged":[]}
["Geographical Indication:","Jul","Aug","Sep","Oct","Nov","Dec","Jan","Feb","Mar","Apr","May","Jun"]
["Adelaide Hills - Lenswood",34.364516129032232,50.04193548387093,75.22580645161284,112.1483870967742,137.93548387096777,160.80967741935461,173.49375000000006,141.58927374301678,120.39354838709671,77.758064516129082,47.077419354838639,30.954838709677411]
["Adelaide Hills - Stirling",29.319354838709693,44.116129032258051,67.338709677419274,101.78709677419343,124.68709677419349,145.85483870967724,157.74375000000015,129.03359288097886,108.80967741935487,69.903225806451687,41.158064516129024,26.306451612903214]
["Adelaide Plains",39.832258064516125,55.722580645161258,83.232258064516103,128.48709677419376,158.38709677419357,181.43225806451576,195.03437499999993,160.78569832402229,137.60645161290324,92.732258064516088,57.274193548387075,36.861290322580707]
["Albany",40.854838709677445,53.293548387096827,71.419354838709651,96.254838709677344,117.55806451612898,139.68064516129036,143.87812500000004,118.410279329609,104.25161290322582,71.932258064516219,50.125806451612867,37.625806451612938]
["Alpine Valleys",31.174193548387112,46.135483870967789,69.932258064516134,109.67096774193553,139.11612903225796,172.21935483870968,184.83437500000008,147.66793296089401,125.99032258064503,75.803225806451508,44.041935483870958,29.51935483870966]
["Barossa Valley",36.741935483870989,51.68387096774191,78.509677419354944,121.94516129032267,150.57419354838703,175.79677419354869,189.09062500000005,155.15441340782118,130.87741935483885,84.700000000000074,51.116129032258094,33.229032258064528]
["Beechworth",26.535483870967781,40.709677419354826,64.003225806451638,103.82903225806437,133.24838709677414,166.31612903225832,179.03749999999994,142.32759776536341,120.14516129032249,70.674193548387095,39.883870967741998,25.987096774193546]
["Bendigo",30.383870967741913,46.45483870967746,72.170967741935414,115.74838709677424,145.9806451612904,177.2161290322581,187.96874999999983,152.41698324022349,128.55806451612895,78.377419354838707,44.254838709677372,28.467741935483854]
["Blackwood Valley",36.745161290322564,48.361290322580587,65.867741935483863,99.225806451612925,135.05161290322599,169.69032258064505,180.00937500000006,148.12782122905065,125.37096774193547,77.280645161290394,48.993548387096759,35.322580645161295]
["Canberra",36.92903225806451,54.674193548387095,79.577419354838696,115.2838709677419,138.01612903225802,167.02258064516121,172.5781249999998,134.19351955307238,116.12903225806444,76.003225806451525,49.574193548387136,33.30322580645165]
["Clare",35.706451612903173,51.406451612903211,78.051612903225745,121.2677419354838,151.04193548387084,178.29032258064501,192.17187499999983,157.97944134078222,134.65806451612909,86.696774193548464,50.948387096774177,32.248387096774223]
["Coonawarra",32.158064516128938,45.370967741935523,65.338709677419388,100.46774193548387,123.31290322580637,150.72580645161281,163.60625000000024,133.32692737430145,110.69032258064517,68.390322580645133,41.083870967741909,28.474193548387095]
["Cowra",38.687096774193513,56.148387096774186,83.758064516128954,125.11612903225814,154.20645161290301,186.43548387096794,195.25312499999995,154.03128491620129,134.08387096774192,88.399999999999892,55.129032258064477,35.69032258064513]
["Currency Creek",40.280645161290238,56.419354838709651,79.300000000000011,114.30645161290305,134.08387096774189,151.67096774193541,158.44374999999997,127.9279199110122,112.47419354838706,77.206451612903223,51.125806451612924,36.580645161290299]
["Eden Valley",37.54516129032254,53.470967741935553,79.661290322580697,121.741935483871,150.34516129032241,175.64838709677383,188.01250000000002,153.79664804469274,130.70967741935485,84.835483870967664,51.493548387096759,34.058064516129015]
["Frankland River",36.832258064516104,49.02258064516132,67.348387096774104,98.212903225806457,128.97096774193537,157.74516129032273,164.21250000000006,134.43754189944133,114.48064516129033,74.422580645161148,48.841935483871019,35.245161290322606]
["Geelong",34.19354838709674,47.812903225806409,68.103225806451604,100.9354838709678,119.54516129032258,142.52580645161297,150.48124999999965,121.57318435754183,104.97096774193544,65.529032258064532,42.048387096774242,29.74516129032256]
["Geographe",42.196774193548364,55.019354838709717,72.541935483870944,108.86129032258069,143.14838709677423,175.7451612903223,187.38124999999988,154.03754189944118,133.49032258064526,84.070967741935732,56.235483870967755,41.054838709677384]
["Gippsland - Bairnsdale",38.451612903225801,52.419354838709701,71.706451612903166,101.13548387096787,116.84516129032266,138.20645161290318,144.94687499999998,113.6600667408231,100.58064516129036,65.319354838709643,45.206451612903201,33.129032258064505]
["Gippsland - Warragul",31.825806451612895,44.903225806451623,63.425806451612928,92.341935483870898,110.37096774193543,132.55806451612901,141.90312499999993,115.61290322580641,99.690322580645272,61.187096774193492,39.245161290322642,28.429032258064485]
["Glenrowan",30.774193548387085,45.548387096774242,69.838709677419374,111.96451612903223,145.45483870967726,180.18709677419355,192.00937499999989,153.71968854282534,130.68387096774202,78.700000000000102,44.61612903225808,29.561290322580646]
["Goulburn Valley",31.596774193548416,46.796774193548423,71.706451612903223,114.71935483870965,144.59032258064525,174.91935483870952,184.97187499999984,148.63776536312849,126.72903225806451,76.632258064516094,43.574193548387015,29.306451612903203]
["Grampians",31.354838709677392,45.616129032258065,66.729032258064478,101.15161290322578,126.21935483870986,155.6806451612905,166.875,133.58972067039107,112.38387096774191,69.567741935483795,41.564516129032185,28.209677419354822]
["Granite Belt",51.796774193548359,73.409677419354878,102.26451612903226,130.34193548387105,142.03548387096785,155.9870967741933,154.4468750000002,123.62860335195522,116.68064516129043,84.451612903225836,60.448387096774198,45.05161290322576]
["Gundagai",35.277419354838692,49.858064516129097,76.65161290322591,116.67096774193557,148.25483870967759,179.90967741935495,192.29062500000032,150.59307262569823,130.58387096774175,81.229032258064549,50.209677419354854,31.841935483870966]
["Hastings River",60.71290322580645,82.92903225806451,107.66451612903232,129.7774193548388,135.074193548387,151.49677419354842,150.41874999999982,122.00178770949734,113.66129032258068,86.419354838709623,66.254838709677415,52.212903225806556]
["Heathocte",29.812903225806448,44.861290322580693,68.141935483870881,108.37741935483878,137.59354838709672,168.83870967741936,179.55937499999996,144.88044692737455,122.73225806451615,74.009677419354873,42.454838709677453,27.641935483870927]
["Henty",32.832258064516111,45.961290322580709,63.606451612903186,92.009677419354674,107.95806451612896,128.59677419354833,137.23750000000018,111.92525027808675,96.096774193548214,61.119354838709683,39.748387096774181,28.925806451612896]
["Hilltops",34.041935483870979,49.219354838709656,74.977419354838744,116.67741935483848,147.65806451612895,182.4870967741935,192.50937499999995,151.30636871508372,130.50322580645161,82.525806451612752,49.096774193548384,31.619354838709675]
["Hunter",50.751612903225798,72.99677419354839,100.09354838709689,130.43225806451613,142.18064516129013,160.54193548387116,161.5468749999998,127.26078212290514,112.66129032258061,80.325806451612877,58.054838709677419,43.238709677419365]
["Kangaroo Island",34.56451612903227,46.835483870967764,66.645161290322605,99.825806451612976,125.10322580645142,145.16129032258064,154.45312499999989,123.45539488320367,105.95483870967739,67.31612903225809,43.064516129032214,31.577419354838774]
["King Valley",28.561290322580646,43.096774193548463,65.896774193548438,105.16129032258056,134.29999999999995,166.32580645161286,178.47812500000003,143.87141268075661,123.01935483870967,72.925806451613056,41.387096774193552,27.032258064516114]
["Langhorne Creek",40.829032258064515,56.893548387096814,80.583870967741987,119.01290322580647,143.04838709677421,163.27419354838685,171.65312499999996,138.57653631284919,120.87741935483875,82.051612903225873,53.225806451612875,37.20967741935479]
["Macedon Ranges",26.090322580645154,40.045161290322639,61.961290322580624,97.732258064516017,123.07096774193538,151.48387096774192,161.97812499999989,130.4662958843158,109.45483870967739,65.016129032257993,36.854838709677402,23.803225806451646]
["Manjimup",37.070967741935441,49.951612903225751,69.283870967741876,101.36451612903227,130.67096774193547,159.48387096774209,167.60312500000003,138.78301675977656,118.14193548387109,75.280645161290366,49.400000000000041,35.635483870967775]
["Margaret River",40.677419354838783,52.883870967741764,70.522580645161327,99.951612903225737,127.47096774193545,153.70000000000019,160.5812499999999,134.31865921787727,116.59677419354853,74.82580645161282,50.558064516129001,38.874193548387083]
["McLaren Vale",41.267741935483876,57.29999999999994,82.096774193548484,119.28709677419354,143.01935483870966,162.80322580645191,173.34375000000006,141.42033519553058,122.60322580645168,83.364516129032395,54.016129032258114,37.800000000000026]
["Mornington Peninsula",32.619354838709683,46.390322580645112,65.432258064516205,94.945161290322602,111.9483870967742,132.27419354838716,139.84062500000007,114.00223463687161,98.616129032258129,62.300000000000068,40.206451612903194,28.648387096774204]
["Mount Barker",37.435483870967737,49.932258064516141,68.81290322580648,97.819354838709657,125.28064516129018,150.43548387096772,154.7218749999999,126.01564245810044,109.00967741935487,73.838709677419416,49.532258064516171,35.609677419354831]
["Mount Benson",31.974193548387092,45.106451612903236,63.919354838709708,96.429032258064552,120.31935483870966,140.22903225806456,147.70624999999998,118.14816462736356,100.5741935483872,64.990322580645113,40.519354838709631,28.745161290322578]
["Mount Gambier",30.683870967741957,44.04193548387093,62.596774193548399,94.332258064516083,115.55806451612925,141.22580645161281,152.87499999999986,123.90077864293676,102.93548387096769,63.641935483870895,38.274193548387039,26.796774193548405]
["Mudgee",42.15161290322586,60.735483870967784,88.703225806451627,125.81290322580651,147.98387096774184,173.25161290322569,179.43437499999985,141.28581005586605,124.02580645161281,84.387096774193679,54.858064516129076,37.387096774193566]
["Murray Darling",46.545161290322497,68.232258064516103,99.648387096774357,146.6258064516131,174.16774193548397,204.08709677419353,212.84687499999993,173.99106145251369,150.34516129032266,97.977419354838915,60.63548387096774,41.545161290322561]
["New England",54.335483870967735,77.045161290322639,103.41935483870962,137.39354838709662,152.24193548387089,171.41290322580639,175.10312499999984,141.56424581005604,133.35483870967744,96.641935483871009,68.835483870967749,49.003225806451582]
["Orange",32.951612903225836,49.064516129032263,74.132258064516179,105.8290322580645,127.47096774193548,154.94193548387125,162.61562500000005,127.09184357541901,109.6193548387098,71.309677419354713,43.49354838709683,29.09677419354837]
["Padthaway",33.78387096774194,48.058064516129051,68.990322580645241,106.40645161290321,132.23548387096784,160.18387096774202,171.69687499999995,140.20648044692717,116.77741935483864,73.190322580645315,44.225806451612947,30.290322580645125]
["Peel",49.503225806451624,63.40645161290319,83.40645161290324,121.11290322580639,153.42903225806455,184.38387096774179,192.87499999999991,161.16737430167615,142.54193548387107,94.399999999999963,65.516129032258064,48.280645161290387]
["Pemberton",39.354838709677374,51.79354838709677,68.858064516129133,97.90967741935485,124.10967741935478,149.44838709677416,157.0968749999999,131.35394883203563,112.99999999999974,73.861290322580714,50.435483870967708,37.829032258064466]
["Perth Hills",42.374193548387098,57.229032258064521,78.358064516129019,118.83870967741937,153.04516129032245,186.29677419354826,196.24687499999987,161.90478309232469,141.75483870967736,92.119354838709555,59.961290322580638,41.577419354838689]
["Pyrenees",30.996774193548379,45.951612903225808,69.096774193548384,107.79354838709681,134.75483870967741,164.56129032258062,176.59999999999982,142.23687150838006,119.81612903225792,73.158064516128931,42.645161290322584,28.264516129032202]
["Riverina",39.364516129032282,59.24838709677428,92.06451612903227,140.04838709677409,169.73548387096767,202.60322580645141,211.2562499999998,168.69452513966479,147.61612903225796,95.480645161290269,57.435483870967715,37.135483870967782]
["Riverland",45.08709677419359,65.67096774193547,95.858064516129019,140.79032258064515,165.95161290322574,193.15161290322592,202.73437500000028,165.14994413407837,142.57096774193545,93.564516129032341,58.464516129032269,39.806451612903281]
["Robe",32.622580645161257,46.62258064516125,65.429032258064581,94.767741935483883,115.11290322580639,134.13548387096773,141.09687499999993,113.98709677419359,96.622580645161264,63.293548387096735,40.654838709677421,28.574193548387044]
["Rutherglen",30.016129032258021,43.91290322580646,66.732258064516145,109.76129032258066,145.425806451613,182.67419354838742,195.33437499999982,155.16692737430148,131.24838709677425,78.235483870967784,43.332258064516147,29.309677419354802]
["Shoalhaven Coast",51.048387096774142,70.848387096774189,94.454838709677475,121.24838709677407,128.36774193548371,145.01290322580644,143.66874999999982,112.99798882681554,104.47741935483853,78.306451612903203,58.480645161290411,43.264516129032266]
["South Burnett",63.687096774193542,87.148387096774172,115.86129032258066,143.21612903225812,154.03225806451644,164.09677419354844,160.90625,129.1222346368715,124.69677419354834,94.383870967741814,70.900000000000006,55.812903225806544]
["Southern Fleurieu",37.667741935483882,53.158064516129024,74.225806451612868,107.02903225806455,125.59032258064519,141.83225806451617,148.12499999999991,119.66480446927363,104.89354838709667,70.880645161290275,47.477419354838787,34.561290322580653]
["Southern Flinders",40.706451612903237,57.180645161290244,87.412903225806545,131.41935483870975,159.30645161290286,186.67741935483866,198.41249999999985,163.34167597765358,140.52580645161288,92.822580645161239,55.970967741935475,36.600000000000009]
["Southern Highlands",36.777419354838742,54.500000000000071,79.796774193548416,108.41612903225821,120.5225806451614,141.77419354838713,141.14375000000018,107.28849162011184,93.858064516128962,64.70322580645157,44.135483870967754,30.812903225806487]
["Strathbogie Ranges",26.596774193548409,40.022580645161362,61.399999999999963,97.077419354838554,122.9548387096772,152.67419354838691,164.50312499999993,132.99843575419021,110.84516129032268,63.912903225806396,36.674193548387102,25.390322580645158]
["Sunbury",36.641935483870981,52.051612903225795,73.751612903225777,107.74193548387093,127.71935483870966,152.48387096774195,159.86874999999995,130.22033519553082,113.47419354838718,72.222580645161372,46.293548387096784,32.322580645161281]
["Swan District",53.583870967741973,68.767741935483869,90.690322580645272,131.8064516129032,166.43548387096783,199.20645161290309,208.97499999999985,174.26949720670385,155.31612903225809,105.04516129032264,72.445161290322559,52.516129032258092]
["Swan Hill",40.809677419354855,59.435483870967765,88.603225806451491,136.08064516129036,164.93225806451596,196.65483870967751,206.67187500000023,167.74659217877092,144.85806451612899,92.432258064516034,55.774193548387053,37.03548387096771]
["Tasmania - Hobart",32.367741935483927,47.50967741935483,69.387096774193481,100.01290322580658,117.01612903225818,139.82903225806453,143.95312500000009,111.01268075639607,95.122580645161165,61.619354838709697,41.254838709677472,28.748387096774238]
["Tasmania - Launceston",27.18709677419357,39.92580645161285,60.000000000000014,93.39677419354831,115.59677419354843,140.08387096774197,145.19062500000015,114.27675194660725,98.058064516129008,57.532258064516206,35.241935483870982,24.283870967741922]
["Tumbarumba",33.325806451612912,47.848387096774211,71.003225806451553,108.62903225806454,133.52580645161297,164.05483870967748,175.45000000000016,139.20849162011183,120.59032258064525,72.554838709677412,45.583870967741902,31.458064516129024]
["Upper Goulburn",29.341935483870984,43.764516129032273,66.283870967741777,103.46451612903238,130.57419354838709,159.68709677419361,172.12499999999977,139.57641824249194,117.99677419354839,70.854838709677395,41.080645161290349,27.461290322580631]
["Wrattonbully",32.112903225806406,45.496774193548418,65.264516129032316,100.5612903225806,125.05806451612897,153.70645161290324,166.77187499999994,135.94860335195517,112.76451612903219,69.412903225806446,41.512903225806447,28.583870967741923]
["Yarra Valley",31.467741935483865,44.474193548387127,65.048387096774164,96.31935483870987,117.42903225806465,141.57096774193545,153.20937500000008,125.56826815642468,106.62903225806447,63.319354838709792,39.035483870967731,27.819354838709668]

{"sheet":"Main Menu","index":9,"n_rows":5,"n_cols":13,"rows_kept":5,"cut":false,"hidden":true,"merged":[[3,7,3,8],[3,10,3,11],[4,7,4,8],[19,1,19,2],[20,1,20,2],[19,3,19,6],[20,3,20,6],[2,1,5,3],[2,4,5,6]]}
[]
[]
[null,null,null,null,"Vineyard Irrigation Budgeting Tool"]
[null,null,null,null,null,null,null,"Current Season:",null,null,null,null,"mm"]
[null,null,null,null,null,null,null,"Water Allocation:",null,41.06,"Unallocated:","53:94","ML/ha"]